2172423 a prime number?
True
Is 104049779 a composite number?
False
Is 465643943 a prime number?
False
Is 257210819 a prime number?
True
Is 341282489 composite?
False
Is 10858238593 prime?
True
Is 1027188607 a composite number?
False
Is 84678892541 prime?
True
Is 28272397063 a composite number?
False
Is 2519225083 a prime number?
True
Is 730070647 a prime number?
False
Is 198068771 composite?
True
Is 2207738171 composite?
False
Is 4808676451 a prime number?
False
Is 59143301747 composite?
False
Is 4169380343 prime?
True
Is 8165206151 composite?
True
Is 55810453 a composite number?
True
Is 325411763 prime?
True
Is 21061121711 prime?
False
Is 38739612047 composite?
False
Is 21926410007 composite?
False
Is 2490088207 a prime number?
True
Is 154399057 prime?
True
Is 809666807 prime?
True
Is 4872118787 a composite number?
False
Is 3360827263 prime?
True
Is 1263366493 prime?
True
Is 5924611349 a composite number?
True
Is 660017833 prime?
False
Is 63216534163 a composite number?
False
Is 4765725917 a prime number?
True
Is 9048530003 a composite number?
True
Is 149978743 a prime number?
False
Is 908385731 composite?
True
Is 2322595963 prime?
True
Is 7645697591 a composite number?
True
Is 4077073123 prime?
True
Is 2444581037 a composite number?
True
Is 207834539 a composite number?
True
Is 65805268355 composite?
True
Is 2532454765 composite?
True
Is 24134969 a prime number?
False
Is 701486767 composite?
False
Is 1606272841 a prime number?
True
Is 9895424507 prime?
False
Is 4984613657 composite?
True
Is 8141982917 composite?
False
Is 339309829 a composite number?
False
Is 8437701113 a composite number?
False
Is 14797433113 a prime number?
True
Is 2932366771 a prime number?
False
Is 359031839 composite?
True
Is 11247870001 composite?
True
Is 4001699141 a composite number?
True
Is 2459875127 prime?
True
Is 75289853 composite?
False
Is 2812469 a prime number?
False
Is 13483626817 composite?
False
Is 625489617 a composite number?
True
Is 22528774447 a prime number?
False
Is 4410583561 composite?
False
Is 1053307669 prime?
True
Is 855062297 a composite number?
True
Is 4065742547 a composite number?
True
Is 22548231107 a prime number?
True
Is 28593950233 a prime number?
False
Is 3090691523 a composite number?
False
Is 7795297711 a prime number?
True
Is 15591881069 prime?
True
Is 15516826987 a prime number?
False
Is 7702694851 prime?
True
Is 1324989749 prime?
False
Is 6355755103 composite?
True
Is 1410154801 a prime number?
False
Is 32412114149 composite?
True
Is 977947643 prime?
False
Is 1768554959 a prime number?
True
Is 2285300383 prime?
True
Is 36965491 composite?
False
Is 4191502871 a composite number?
True
Is 38017145038 a prime number?
False
Is 304114409 a prime number?
True
Is 9883021691 prime?
True
Is 2923200919 composite?
True
Is 38224777946 a composite number?
True
Is 384378293 a prime number?
False
Is 83855656447 composite?
True
Is 32210389847 composite?
False
Is 202224767 composite?
True
Is 16884405547 composite?
True
Is 48943921141 composite?
True
Is 2362081661 a prime number?
True
Is 1849313927 prime?
True
Is 13221737597 a composite number?
False
Is 351677041 composite?
False
Is 30771559093 composite?
True
Is 2674323083 a composite number?
False
Is 609435167 composite?
True
Is 6538887461 a prime number?
True
Is 829454387 a prime number?
False
Is 3151645363 composite?
False
Is 21952895779 composite?
True
Is 264543673 composite?
True
Is 865924727 a composite number?
True
Is 896807038 a prime number?
False
Is 2337380863 prime?
True
Is 5754864683 prime?
True
Is 7305176231 a composite number?
True
Is 34180398179 a composite number?
False
Is 842221129 composite?
False
Is 7286896109 composite?
False
Is 484179149 composite?
True
Is 21549776683 prime?
False
Is 465863501 composite?
False
Is 44598917579 prime?
False
Is 57590395 composite?
True
Is 2888308133 a prime number?
True
Is 2485928623 a prime number?
True
Is 5828929189 prime?
True
Is 9813924391 composite?
True
Is 2986131063 composite?
True
Is 226223279 composite?
False
Is 50795163037 a prime number?
False
Is 4950819221 prime?
True
Is 7459045073 composite?
False
Is 84042869 a composite number?
False
Is 631127459 prime?
True
Is 7087893067 a composite number?
False
Is 642482117 prime?
False
Is 37241244583 prime?
True
Is 1198938955 prime?
False
Is 4503111211 prime?
True
Is 589861073 composite?
True
Is 152107633 a composite number?
True
Is 58001627 a prime number?
False
Is 3250047137 prime?
False
Is 10800786247 composite?
True
Is 39758423041 a prime number?
False
Is 41755244801 a prime number?
False
Is 9940000151 a prime number?
True
Is 1365918409 composite?
False
Is 1212412207 a prime number?
True
Is 52894241 a composite number?
True
Is 1678311881 a composite number?
False
Is 260752433 composite?
True
Is 1601566633 prime?
False
Is 5850085909 composite?
True
Is 217458653 composite?
False
Is 3951629581 prime?
False
Is 120237242 composite?
True
Is 8947421941 a composite number?
True
Is 4179318259 composite?
True
Is 2414701681 prime?
False
Is 6433586393 prime?
False
Is 1901234887 a composite number?
True
Is 76317681563 prime?
True
Is 51974149897 prime?
True
Is 335833271 prime?
True
Is 14788234979 prime?
False
Is 1137515887 composite?
False
Is 760089437 a composite number?
False
Is 6827674417 composite?
True
Is 60345917 a prime number?
True
Is 2267065187 a composite number?
False
Is 3581801731 prime?
True
Is 36569419 a composite number?
False
Is 93593917133 a prime number?
False
Is 7080353653 a prime number?
True
Is 9190512193 a composite number?
True
Is 1848565583 a prime number?
True
Is 319402063 a composite number?
True
Is 5095262521 composite?
True
Is 21409071349 a composite number?
True
Is 701316635 composite?
True
Is 8617121791 prime?
True
Is 521265263 a prime number?
False
Is 2772493979 prime?
False
Is 53583977947 a composite number?
False
Is 237800389 prime?
False
Is 6451449811 a composite number?
True
Is 26091678721 a composite number?
False
Is 29192863001 a composite number?
True
Is 8809135211 a composite number?
True
Is 18785362903 composite?
True
Is 127496557381 a composite number?
True
Is 1564095527 a composite number?
False
Is 10309503263 prime?
True
Is 10362217603 a composite number?
False
Is 1330131211 prime?
True
Is 2333088691 prime?
True
Is 3193880663 prime?
False
Is 518860715 a composite number?
True
Is 308498033 prime?
False
Is 97907021335 a composite number?
True
Is 80347146821 composite?
False
Is 121123474379 composite?
False
Is 28474086599 a prime number?
False
Is 26585101 composite?
True
Is 8040993341 a composite number?
False
Is 1403301589 prime?
False
Is 4869114098 composite?
True
Is 70526974837 a prime number?
False
Is 1076723083 composite?
True
Is 8847805189 a composite number?
False
Is 10110428047 a prime number?
False
Is 80998357 a prime number?
False
Is 4162208161 a composite number?
False
Is 40808012353 prime?
True
Is 303543001 a prime number?
False
Is 110463108869 a prime number?
False
Is 53484508123 composite?
False
Is 44071434893 a prime number?
True
Is 754428119 a prime number?
True
Is 641630617 prime?
False
Is 2577393131 composite?
False
Is 55119943867 a prime number?
True
Is 307742893 a composite number?
False
Is 654621349 composite?
True
Is 4251089247 a composite number?
True
Is 3708685979 composite?
False
Is 32945658569 a composite number?
True
Is 7078438979 a prime number?
False
Is 2902727533 a composite number?
True
Is 33050721166 a prime number?
False
Is 3470237899 composite?
True
Is 6596010661 a composite number?
False
Is 63115442191 composite?
True
Is 2597609821 a prime number?
False
Is 4204769029 a composite number?
True
Is 19403187019 composite?
True
Is 20263247117 a prime number?
False
Is 5687892881 composite?
True
Is 583172549 a composite number?
True
Is 12226163891 a prime number?
True
Is 408832757 a composite number?
True
Is 547809589 a composite number?
False
Is 1389364709 composite?
False
Is 46388721529 a prime number?
True
Is 4126178131 prime?
False
Is 72073409953 a composite number?
False
Is 5821635299 a prime number?
True
Is 295414571 a prime number?
False
Is 33060943583 prime?
True
Is 51127547 a prime number?
False
Is 319676393 composite?
False
Is 1736289031 a composite number?
False
Is 5419419437 a composite number?
False
Is 11530523551 prime?
Tr